p = 10*o - o. Suppose -7*h = -o*h - 85. Calculate the remainder when 31 is divided by h.
14
Suppose 3*q - 209 = -104. Calculate the remainder when 56 is divided by q.
21
Let f(x) = -133*x - 20. Let w be f(-2). Let b = -218 + w. What is the remainder when 221 is divided by b?
25
Let r(z) = z**3 - z + 14. Let g = -161 - -161. Calculate the remainder when 151 is divided by r(g).
11
Suppose 2*p + 2*p - 80 = 0. Suppose -5*q - 154 = -16*q. Calculate the remainder when (-1)/(-5) - (-1056)/p is divided by q.
11
Suppose -2*z + 198 - 954 = 0. Let g = z - -392. Calculate the remainder when 52 is divided by g.
10
Let w = -22 - -31. Suppose -w*a + 239 = -571. Suppose 3*x - a - 33 = 0. What is the remainder when 243 is divided by x?
38
Let v = -31224 - -31444. Calculate the remainder when v is divided by 21.
10
Suppose 2508 = 17*i - 118 - 2151. What is the remainder when i is divided by 66?
17
Suppose 0 = -29*p + 1216 - 172. Suppose 3*l - p = -9. Calculate the remainder when l is divided by 2.
1
Suppose -905 = 17*m - 5053. What is the remainder when m is divided by 32?
20
Let l(x) = -2*x + 33. Let m = 213 + -201. What is the remainder when 151 is divided by l(m)?
7
Suppose -2*y + 97 - 259 = 0. What is the remainder when 116 is divided by ((-10)/9)/(9/y)?
6
Let s = 971 + -864. Let h be (-5)/((-20)/(-8)) + 6. Suppose p = -4*p + 10, -h*f = -2*p - 144. Calculate the remainder when s is divided by f.
33
Let m(y) be the third derivative of 5*y**4/24 + 85*y**3/6 + 3*y**2. What is the remainder when m(33) is divided by 65?
55
Suppose 72*f - 72656 = 22666 + 8646. Calculate the remainder when 2900 is divided by f.
12
Let r be 2*(0 - 1) - -31. Let w = r - 14. Let t = 360 - 332. What is the remainder when t is divided by w?
13
Let q(z) = -27*z + 157. Let b(r) = -9*r + 53. Let i(l) = -7*b(l) + 2*q(l). Let t be i(-8). Let o = -124 - t. What is the remainder when o is divided by 1?
0
Let b = 18709 + -13053. Calculate the remainder when b is divided by 19.
13
Suppose -2382 = -16*c + 2329 + 2169. Calculate the remainder when c is divided by 40.
30
Suppose -95*y = -117*y + 286. Calculate the remainder when 14531 is divided by y.
10
Let v(b) = -b - 24. Let g(k) = -6*k - 118. Let a(q) = 3*g(q) - 14*v(q). Let f(p) = -8*p + 6. Calculate the remainder when f(-12) is divided by a(-11).
24
Let f = -400 - -439. Suppose 5*i - f = 16. What is the remainder when 19 is divided by i?
8
Let p = -6945 - -6971. Let x be 3*1*(-20)/30. Calculate the remainder when x/(-5) + (-3078)/(-30) is divided by p.
25
Let o = -11160 - -11413. Calculate the remainder when o is divided by 213.
40
Let g(a) = -a**3 + a - 15. Let n be g(0). Let s = -14 - n. Let u(c) = 17*c**3 - c + 1. Calculate the remainder when 66 is divided by u(s).
15
Let a = -111 + 114. Suppose 89 = 5*b - 2*x, -4*x = a*b - 0*x - 43. What is the remainder when 94 is divided by (16 - b)/(-2 + (-194)/(-98))?
45
Suppose -81066 = -393*y + 25704 + 22527. What is the remainder when 588 is divided by y?
259
Suppose 307 = 4*w - 15*s + 14*s, 0 = 5*s - 5. What is the remainder when 92 is divided by w?
15
Suppose -334*m = -331*m - 18. Calculate the remainder when 35 is divided by m*(3 - (-30)/(-12)).
2
Suppose 7034 - 34 = 28*j. Calculate the remainder when j is divided by 84.
82
Suppose -8*i + 5*j - 266 = -9*i, i - 230 = 4*j. Suppose -3*u - i = -5*n, n = -n + 2*u + 100. What is the remainder when 143 is divided by n?
47
Let o(k) = -10*k + 28. Let w be o(3). What is the remainder when (-1)/(-2)*-358*(w - -1) is divided by 12?
11
Suppose 8*q + r + 51 = 12*q, -r = -5. Let u be (-6)/30 - 122/(-10). What is the remainder when u - -33 - 2*2 is divided by q?
13
Let w(t) = -26*t**3 + 4*t**2 + 90*t + 40. What is the remainder when w(-5) is divided by 16?
12
Let n(j) = -j**2 + 12*j + 10. Let t be n(9). Let v = t + -35. Suppose -v*a - a = -306. Calculate the remainder when a is divided by 26.
24
Let h(r) = 42*r + 2. Calculate the remainder when 515 is divided by h(2).
85
Suppose -11868 - 30459 = -46*t + 19727. Calculate the remainder when t is divided by 193.
191
Calculate the remainder when 3176/18 + ((-2096)/(-144) - 15) is divided by 169.
7
Let i = 402 + -117. Let q = -444 - -466. What is the remainder when i is divided by q?
21
Let s = 2 - -2. Let b be -2*(3 + -3 - 9/6). Suppose 3*j - b = 12. What is the remainder when j is divided by s?
1
Let o = -158 + 254. Let w = 2 + 109. Suppose -115*u = -w*u - o. What is the remainder when 69 is divided by u?
21
Let w(s) = -2*s**3 + 25*s**2 + 139*s - 98. What is the remainder when w(-9) is divided by 24?
22
Let s(a) = -a**3 + 8*a**2 + 13*a + 1. Calculate the remainder when s(9) is divided by 0 + (-186)/(-15) - (-3)/5.
11
Let y(z) = -2*z + 50. Let n be y(23). Suppose -44 = -2*p - 0*p - 3*w, 5*w = n*p - 132. Let m = -14 + p. Calculate the remainder when m is divided by 5.
4
Suppose 4*m + 2*d - 102 = 0, 0 = -58*d + 53*d + 25. Calculate the remainder when 665 is divided by m.
21
Let z be (-7)/(-21) + (-298)/(-6). Suppose -y = 4*a - z, 2*y - a = a + 80. Suppose -4*g + y = 2. What is the remainder when 16 is divided by g?
6
Suppose 13*i - 472 = 412. Suppose 8 = -4*p, 5*m + 4*p = 2*m + 70. Calculate the remainder when i is divided by m.
16
Let w = 193 - 54. Suppose -3*t - 126 + 273 = 0. Suppose 3*m = -t + w. Calculate the remainder when 115 is divided by m.
25
Let v(i) = -11*i - 140. Let y be v(-3). Suppose j - 81 - 107 = 0. Let k = y + j. What is the remainder when k is divided by 14?
11
Suppose -3*d = -373 + 37. Let u be (5/(-2))/((-2)/68). Let q = u + -47. What is the remainder when d is divided by q?
36
Let l(y) = y**2 + 11*y - 213. Suppose 167*n - 175*n = 184. Let f = -11 - -33. Calculate the remainder when l(n) is divided by f.
19
Suppose h - 2*q + q - 43 = 0, -h + 3*q = -37. What is the remainder when -1 + (-8)/(-12 - -4)*181 is divided by h?
42
Suppose 5*l - 411 = -2*x, 2*x - 7*x + 1070 = 4*l. Let w(s) = -8*s - 10. Calculate the remainder when x is divided by w(-7).
34
Suppose 5*w = -5*x + 1670, 0*x + 1670 = 5*w + 3*x. What is the remainder when w is divided by 30?
4
Let q(d) = d**3 + 11*d**2 - 4*d - 41. Let z be 5*2/(-4)*(23 - 19). What is the remainder when q(z) is divided by 3?
0
Suppose 5*m - 2*l = 28, -4*l - 24 = -3*m + m. Suppose 2*y = -m + 54. Suppose 238*a - 481 = 24*a + 15141. Calculate the remainder when a is divided by y.
23
Let k(q) be the first derivative of q**4/4 - q**3 + q**2/2 + 5*q - 102. What is the remainder when 30 is divided by k(3)?
6
Suppose -10*i + 3*q + 166 = 0, -2*i - 4*q - 110 + 180 = 0. Let b(c) = 26*c - 3. What is the remainder when b(3) is divided by i?
18
Let k(x) = -x - 5. Let d be k(-5). Suppose p - 4 - 8 = d. Let w = 37250 + -37216. Calculate the remainder when w is divided by p.
10
Suppose 0 = -32*d + 36*d - 8. Suppose 0 = -d*v + 25 - 1. Suppose -28*n + v = -26*n. What is the remainder when n is divided by 6?
0
Let s = 93 - 49. Suppose -s = -0*i - 2*i. What is the remainder when 81 is divided by i?
15
Let g(u) = 2*u**2 - 412*u + 2819. What is the remainder when 1022 is divided by g(7)?
32
Let s(i) = -13*i - 11. Let a = -39 - -53. Suppose -t + 15 = -3*c, -c - 5*t + a = 3. What is the remainder when s(c) is divided by 14?
13
Let h(q) = 3*q**2 - 100*q + 35. Let b be h(33). Suppose y - 106 = -4*f, b*y + 3*f = 6*y - 348. What is the remainder when y is divided by 12?
6
Let q(k) = 7*k**2 + 111*k - 201. Calculate the remainder when q(-20) is divided by 11.
5
Suppose -216 = -39*q + 210*q - 45. Let o = 7 + -5. Calculate the remainder when 46 is divided by ((-760)/19)/(o*q).
6
Suppose -17*s - 668 = -21*s. Suppose 2*v + 2*v - 5*z - 179 = 0, 4*v - z - s = 0. Suppose -v + 14 = -b. Calculate the remainder when b is divided by 7.
6
Suppose 2*r + 1868 = 6*r. Let j = -170303 + 170370. Calculate the remainder when r is divided by j.
65
Let n(c) = 5*c - c - 3*c**2 + 2 - 2*c. Let j be n(2). Let y = j + 18. What is the remainder when y is divided by 10?
2
What is the remainder when (-3 - (-6048)/(-120))/((-1)/5) is divided by 39?
33
Let v = -62 + 109. Let u = 15 - -9. What is the remainder when v is divided by 4/u + (-596)/(-24)?
22
Let q(j) = 2*j**3 - 76*j**2 - 80*j + 83. Calculate the remainder when 288 is divided by q(39).
3
Let p be ((-80)/(-28))/(((-8)/14)/(-2)). Suppose c = 9 - p. What is t